t f be 1/((78/1188)/13). What is the greatest common divisor of f and 18?
18
Suppose -6*g - 16 = -2*g, 0 = 2*n + 5*g - 52. Let j = -22 + n. Let h be (-3)/((-3)/(-28)*-1). What is the greatest common divisor of h and j?
14
Let m be ((-156)/(-2))/(4/8). What is the greatest common factor of 13 and m?
13
Let t(a) = -14*a - 42. Let h be t(-5). What is the highest common divisor of 35 and h?
7
Suppose 2*r + 2*w = -w + 86, -5*r + 3*w + 194 = 0. Suppose -2*o - r = -7*o. Calculate the highest common factor of 88 and o.
8
Suppose -s - 1435 = -5*v - 5, 4*s = 4*v - 1144. What is the greatest common divisor of 22 and v?
22
Let m = -7 - -16. What is the greatest common divisor of m and 81?
9
Let d be -4*(1 - 6/4). Suppose -16 = -4*s + o, 2*o + 20 = 2*s + 2*s. Calculate the greatest common factor of s and d.
1
Suppose -240 = -2*l + 100. Calculate the greatest common divisor of l and 68.
34
Suppose 0 = -2*o - 0*i - 2*i + 20, 0 = -3*o + 5*i + 38. Calculate the greatest common factor of o and 55.
11
Suppose 4*i + 4*v = v + 108, 3*i - v = 68. Calculate the greatest common divisor of i and 120.
24
Let u(c) = c**2 + 2*c - 8. Let o(v) = v**2. Let l be o(1). Suppose -l = -2*m - 13. Let z be u(m). Calculate the greatest common divisor of z and 80.
16
Let j be 6/30 + 199/5. Let w = j - 5. What is the highest common divisor of 7 and w?
7
Suppose 5*r = -25, 3*o - 7*r = -2*r + 529. Calculate the greatest common divisor of 24 and o.
24
Let h = 51 - 31. Calculate the highest common factor of h and 5.
5
Suppose 72 = 2*x - 4*c, 2*x - 70 = -0*x + 3*c. Let z be (9/4)/((-1)/(-8)). Let w be (-16)/72 - (-292)/z. What is the highest common divisor of x and w?
16
Suppose 0 = -2*w - 6*w + 152. Calculate the greatest common divisor of w and 19.
19
Let l be (-626)/(-12) + (-1)/6. Calculate the greatest common divisor of 13 and l.
13
Suppose -8*t = -7*t - 3. Suppose -t*l + 12 + 6 = 0. What is the highest common divisor of l and 42?
6
Suppose -b - 7*y = -2*y - 25, -2*b - 4*y + 32 = 0. Suppose -6*v = -b*v + 16. What is the highest common factor of v and 1?
1
Suppose -5*d + 4*o + 18 = -118, d = -2*o + 30. Let f(n) = 3*n**2 - 12*n - 1. Let l be f(5). Calculate the greatest common divisor of d and l.
14
Suppose 0 = n + 5*t - 29, 2*t - 38 = -5*n + 107. Let j = n - 15. Let i = 850 + -848. Calculate the greatest common factor of j and i.
2
Let q(b) = 2*b**2 - 2*b + 68. Let y be q(0). Calculate the highest common factor of y and 34.
34
Suppose -8*p + 9*p = 51. Calculate the greatest common factor of 34 and p.
17
Let c(v) = -v**3 + 2*v + 14. Let r be c(0). Calculate the greatest common factor of r and 28.
14
Let h be (-1)/((14/442)/(-7)). Calculate the greatest common divisor of h and 17.
17
Let m be ((-4)/(-6))/(16/2760). Let i(z) = z**3 - z - 1. Let t be i(3). What is the highest common factor of m and t?
23
Let j = -5 - -2. Let y be j - (-20 + (-5 - -2)). Let v(z) = 5*z**3 + z**2 - 1. Let u be v(1). Calculate the greatest common divisor of u and y.
5
Let w = -40 - -77. Let o = w - 10. What is the highest common factor of o and 18?
9
Let y(g) = 85*g**2 - g - 1. Let m be y(-1). Let p(h) = -16*h**3 + h**2 - h - 1. Let l be p(-1). Calculate the greatest common divisor of m and l.
17
Suppose 5*v = 3*v + 78. What is the greatest common factor of 351 and v?
39
Let v = -34 + 48. Suppose 6*w = 62 + 862. What is the greatest common divisor of v and w?
14
Let h be ((-40)/(-25))/(2/120). Let n = h + -67. What is the greatest common divisor of 116 and n?
29
Let o(u) be the third derivative of -7*u**4/24 + 7*u**3/6 - 6*u**2. Let k be o(-5). What is the highest common factor of k and 14?
14
Let g(v) = v**3 + 7*v**2 - 8*v + 10. Let d be g(-8). What is the highest common divisor of d and 40?
10
Let n(m) = 3*m**2 + 2*m + 3. Let u be n(3). Let b be (3/2)/(1/6). Calculate the greatest common divisor of u and b.
9
Suppose 2*o - 28 = -0. Let z(k) = k**3 + 11*k**2 + 11*k + 6. Let w be z(-10). Let y = w + o. What is the highest common divisor of 10 and y?
10
Let v be (-6 + 10)*12/3. What is the greatest common divisor of v and 64?
16
Suppose -y + 4*y = 315. Let b = 45 - 68. Let c = -8 - b. Calculate the highest common factor of y and c.
15
Suppose -2*k = 3*k - 25. What is the greatest common factor of 25 and k?
5
Suppose -28 - 5 = -t. Calculate the greatest common divisor of t and 3.
3
Let m = 112 + -28. Calculate the greatest common divisor of m and 21.
21
Let t be -3*2/6*-45. What is the greatest common factor of t and 18?
9
Let y be 6/12*3/((-6)/(-4)). Suppose r = -3*r + 8. Suppose -3*b + 4 = -r*b. Calculate the highest common divisor of b and y.
1
Suppose -4*b = -r - 7 + 1, 4*r + 5*b = 81. Suppose 0 = -2*w + 5*z + 89, -3*w - 16 = 4*z - 138. Calculate the greatest common divisor of w and r.
14
Let f be ((-39)/(-3) + 3)*(-2)/(-2). Let s = 82 + -34. What is the greatest common divisor of f and s?
16
Let x(n) = n**3 - 8*n**2 + 7*n - 11. Let m be x(8). What is the greatest common factor of 36 and m?
9
Let w(i) = 4*i - 4. Let g be w(3). Let v be (-4)/4 - g*-8. What is the greatest common divisor of 9 and v?
9
Suppose 2*d - 264 = -2*h, 646 = 4*h - 2*d + 94. Calculate the highest common divisor of h and 17.
17
Suppose 7 = z + 7*l - 2*l, 0 = -5*z + 2*l + 170. Let f = 11 - 7. Calculate the highest common factor of f and z.
4
Let c(i) = i**2 - 8*i - 11. Let h be c(9). Let w be 36/3 - -3 - h. Let x = -10 + w. Calculate the greatest common factor of x and 28.
7
Let p(t) = -t + 5. Let j be p(6). Let k(u) = -9*u - 1. Let s be k(j). Let n be 8/3*60/s. Calculate the greatest common divisor of 8 and n.
4
Suppose -28*k - 3 = -29*k. Calculate the highest common factor of k and 15.
3
Let l = -29 + 65. What is the greatest common divisor of l and 48?
12
Suppose 6*v - 90 = v. Suppose 3*x - 3*o - 99 = 0, -x + 3*x - o - 69 = 0. What is the highest common factor of v and x?
18
Let c be 15 + (4 + -3)*(0 + -1). What is the highest common factor of c and 28?
14
Suppose -68 = -5*o + 67. Suppose -2*p + 9 = -p. What is the greatest common factor of p and o?
9
Suppose -6*d - 9 = -153. Let t(i) = 0*i**2 - i**3 + 6 - 5*i**2 + 0*i**3 + i. Let l be t(-6). What is the highest common divisor of d and l?
12
Suppose 4*p - 222 + 22 = 0. What is the greatest common divisor of p and 10?
10
Let k = 26 - 2. What is the highest common factor of k and 18?
6
Let u(y) = 4*y**2 + 5*y + 6. Let f be u(-1). Suppose 3*g + 5*r + 0*r = 10, 2*r = 3*g - 38. Calculate the highest common divisor of g and f.
5
Let j(x) be the third derivative of x**5/30 - x**4/24 - x**3/6 + 3*x**2. Let b be j(-3). Calculate the greatest common factor of b and 4.
4
Suppose -5 = -d - 24. Let p = -11 - d. Let l(r) = r + 3. Let g be l(p). Calculate the highest common factor of g and 55.
11
Let d(g) = -g**3 + 7*g**2 + 8*g + 3. Let p be d(8). Suppose k - 5 + p = 0. Calculate the greatest common factor of k and 18.
2
Suppose 0 = -2*p - 0*p. Suppose -3*a = -p*a. Suppose a = -j + 5*j - 520. What is the highest common divisor of 13 and j?
13
Let s(l) = -l**2 + 14*l - 9. Suppose 2*v + 55 = 5*o, 4*v = 4*o + v - 44. Let n be s(o). Calculate the highest common factor of n and 60.
12
Suppose 4*t = 3*t - 119. Let h = t - -175. Calculate the highest common factor of h and 14.
14
Suppose 3*r = 3 + 3, -2*j + 2*r = 0. Let h be 36 - 1 - j/(-2). What is the highest common divisor of 24 and h?
12
Suppose 0 = 4*v - 3*v - 21. Calculate the greatest common factor of v and 147.
21
Let k = 10 - 5. Suppose 0 = k*p + 22 - 292. Suppose -3*v = -5*f - 7*v + 160, -5*f - 3*v = -165. What is the greatest common divisor of p and f?
18
Suppose r = -r + 2. Let p(f) = 32*f**2 + 1. Let i be p(r). Suppose 0 = -0*o - 5*o + 55. Calculate the highest common divisor of i and o.
11
Let x be (0 - 2)/((-4)/8). Suppose 4*o - 3*a - 18 = 13, -3*o + x*a + 18 = 0. Let j = -56 + 166. What is the highest common divisor of j and o?
10
Suppose 5 = 4*a - 7. Let r(b) = 2*b + 3. Let v be r(a). What is the highest common factor of 36 and v?
9
Let x(g) = -g + 2. Let u be x(-6). Let c = -2 + u. Suppose -c*k = -5*k - 66. Calculate the greatest common factor of 11 and k.
11
Suppose -134 = -o - k, -o - 5*k = -0*o - 130. Suppose t + 4*t + 5*q - o = 0, 4*q = 3*t - 102. Calculate the highest common factor of t and 10.
10
Let i(o) = -o - 10. Let s be i(